t of v?
9
Let s(r) = 2*r**3 + r**2 - 13*r - 23. What is the hundreds digit of s(6)?
3
What is the hundreds digit of (-2566)/(-6) - -10*(-6)/90?
4
Let a be 758/(-6) - 4/6. Let w = -447 - -397. Let q = w - a. What is the units digit of q?
7
Let r(s) = 4*s**2 + 6*s. Let t(h) = -h. Let u(b) = r(b) + 6*t(b). Let i be u(2). Let q = 9 + i. What is the units digit of q?
5
Let u(m) = 17*m + 1. Let n be u(-1). Let s = n + 13. What is the tens digit of (-2)/(-6)*s - -13?
1
Suppose 3*o = -0 + 15. Suppose -3*v = o*k - 29, 3*k + k = 3*v - 20. What is the units digit of (2/(-1))/((-4)/v)?
4
Suppose -8*t + 3*t + 935 = 0. Suppose 5*r - t - 93 = 0. What is the tens digit of r?
5
Suppose 14868 = 69*f - 10*f. What is the tens digit of f?
5
Let v(x) = 24*x - 20. What is the units digit of v(6)?
4
Suppose -4*j + 3*t + 1369 = 0, -87 + 1140 = 3*j + 3*t. What is the hundreds digit of j?
3
Let b be -4*(3 + -7 + 3). Let n(p) = -p + 4. Let d be n(b). Suppose -k + 3*k + 5*o - 33 = d, -44 = -k + 3*o. What is the units digit of k?
9
Let a = -14 + 7. What is the tens digit of ((-12)/7)/(-6) + (-558)/a?
8
Let r(i) = 12*i**3 + 3*i**2 + 16*i - 28. What is the units digit of r(4)?
2
Suppose -4*i + 120 = -2*q, 5*q + 5*i = 2*i - 235. Let u = 25 + q. Let a = -16 - u. What is the units digit of a?
9
What is the hundreds digit of 6/(-33) - (-2930)/22?
1
Let i = 12 + -10. Suppose 3 = -c - i. What is the tens digit of 6/(-15) - 82/c?
1
Suppose 3*b = 4*g - g + 939, -4*g = -b + 1264. Let w = g + 454. What is the tens digit of w?
3
Let s(r) = -r**3 - r + 2. Let z be s(0). Suppose z*d + 2 = 3*d. Suppose -3*w - d*w + 80 = 0. What is the units digit of w?
6
Let j = 166 - 154. What is the units digit of 4/((j/808)/(3/4))?
2
Suppose w + 3*j - 57 = -2*w, 25 = w - j. Let n be ((-5)/(-20))/(5/(-340)). Let a = w + n. What is the units digit of a?
5
Suppose 856 + 3865 = 3*y + 4*o, -o = -2*y + 3151. What is the hundreds digit of y?
5
Let l(m) = -2*m**3 + 3*m**2 + 4*m - 23. What is the tens digit of l(-6)?
9
Suppose -91 + 1 = -5*g - 5*m, 3*m - 77 = -4*g. Let r(d) = -g*d - 2 - 4 + 11. What is the tens digit of r(-2)?
5
Suppose -8 = -5*s + 22. Suppose -5*q - 2*t = 10, -5*t - s = 4*q + 2. What is the tens digit of (q - -11*5) + 2?
5
Suppose 8296 - 892 = 12*i. What is the tens digit of i?
1
Suppose -34 = -4*a + 5*j + 92, 0 = -2*j - 4. Let n = -16 - 5. Let g = n + a. What is the units digit of g?
8
Let y = 397 - -306. What is the tens digit of y?
0
Let y be 3 + 2*1/(-2). What is the units digit of (-66)/18*(-1 - y)?
1
Let z = -2940 - -5362. What is the hundreds digit of z?
4
Let c = -3 + 6. Suppose 0 = -c*s - l + 98, -l = s - 3*s + 57. Suppose -5*v - s = -156. What is the units digit of v?
5
Suppose 3*t = 2*q - 13 - 13, 8 = 2*q. Let d be 29/2 - t/(-4). Let l = d + -12. What is the units digit of l?
1
Suppose -h + 1 + 13 = 0. Let p be (-6)/h - 17/(-7). Suppose -3*z + f = -158, 0 = -p*f - 1 + 3. What is the units digit of z?
3
Let l be ((-8)/10)/(7/(-35)). Suppose 0 = -l*f + 8, 4*o + 0*f + 5*f = 50. Let c = 14 - o. What is the units digit of c?
4
Let y(v) = 56*v - 3. Let h be ((-8)/5 + 2)/((-5)/(-25)). What is the tens digit of y(h)?
0
Let a(n) = 8*n**2 - 35. What is the tens digit of a(10)?
6
Suppose -2*x = 4*x - 78. Let o = -22 + x. What is the tens digit of 39*(0 - 6/o)?
2
Suppose 5*z = -2*z + 1134. What is the tens digit of z?
6
Let u = 8597 - 5632. What is the units digit of u?
5
Suppose -1 - 5 = 3*u + 3*l, -8 = 2*u - 2*l. Let m = u + 123. What is the tens digit of m?
2
Let d be (3/(-18)*-3)/((-1)/(-6)). Suppose 2*o = -8, -4*k + d - 7 = 4*o. What is the units digit of k?
3
Let i(v) = 101*v + 1. Let o be i(1). Let x be (-3 - -1) + o + -4. Let t = x - 67. What is the units digit of t?
9
Let i(v) = v**2 - v - 1. Let q(f) = 2*f**2 + 10*f + 4. Let z(w) = -3*i(w) + q(w). What is the units digit of z(7)?
9
Suppose -9*w - 168 = 984. What is the units digit of -2 - 5/(-1) - w - -1?
2
Suppose 17 + 23 = -5*w. What is the units digit of (6/(-4))/(4/w)?
3
Suppose u + 309 - 1330 = 0. What is the tens digit of u?
2
Suppose 34*b + 940 = 39*b. What is the hundreds digit of b?
1
Suppose -27*z + 12*z + 20835 = 0. What is the units digit of z?
9
Let z = 0 - 4. What is the units digit of 1 - 0 - 445/10*z?
9
Let k = 569 - 155. What is the hundreds digit of k?
4
Suppose -4*c = -0 - 8. Suppose 0 = 3*j + 9. What is the units digit of (c - (-7)/j)*-57?
9
Let g be ((-27)/4)/(2 - (-76)/(-32)). Suppose 4*m - 273 = -5*k, -k - 101 = -2*m + g. What is the tens digit of m?
6
Let x(p) = 13*p + 3. Let a be x(-2). Let v be -34*2/(-1 - 1). Let g = v + a. What is the tens digit of g?
1
Suppose -109*y = -136*y + 77868. What is the thousands digit of y?
2
Let o be -7 - -3 - 1*2. Let k = 8 + o. What is the units digit of (-3 + 4)/(k/22)?
1
Suppose -i + 4*a = -4*i + 704, 5*a = -5*i + 1170. What is the tens digit of i?
3
Let l(m) = -38*m - 3. Let r be l(2). What is the tens digit of (-4)/(-8) + r/(-2)?
4
Let n(d) = -d**2 + 18*d + 21. Let w be n(19). Suppose m - 2 = w. Suppose -m*j + 160 = -56. What is the tens digit of j?
5
Let x = -276 + 614. What is the tens digit of x?
3
Let x(t) = t**2 + t - 1. Let u be x(-3). Suppose y = 5*r + 36, -2*r - 59 - 29 = -u*y. Suppose 20*n - y*n - 196 = 0. What is the tens digit of n?
4
Let w = -71 - -71. Suppose w*y - 3 = -y. What is the units digit of y?
3
Let m(h) = h**3 + 2*h + 1. Let j(k) = -k + 8. Let w be j(5). Suppose -w*y + 5*g + 26 = 5, -5*y - 3*g + 1 = 0. What is the tens digit of m(y)?
1
Suppose 0*x = -4*g + x + 25, 5*x + 23 = 3*g. Let h be (-10)/60 + 289/g. Suppose 7*p = 4*p + h. What is the tens digit of p?
1
Let y = 2725 + 1513. What is the units digit of y?
8
Let m = 32 + -13. Suppose -12 - m = -p. Suppose 3*x - 90 = -4*r - p, r = x - 22. What is the tens digit of x?
2
Let j(z) = 1. Let u(d) = -15*d + 3. Let v(w) = 4*j(w) - u(w). What is the tens digit of v(3)?
4
Suppose -g - 10 = -6. What is the tens digit of g/(-18) - (-3444)/54?
6
Let r(o) = o**3 + 15*o**2 - 91*o + 31. What is the hundreds digit of r(-17)?
0
Let x(o) = o**3 + 70*o**2 - 13*o - 134. What is the units digit of x(-69)?
4
Suppose 0 = 14*s + 7*s - 1974. What is the tens digit of s?
9
Let n(y) = -357*y + 18. What is the units digit of n(-1)?
5
Suppose -5*y + 69 = -3*h, -4*y - 2*h = -0*y - 42. Suppose -4*g + 3*g = -4*b + 29, -y = -4*b. What is the units digit of (-1)/(4/g)*4?
7
Let o(a) = -2*a**3 + 39*a**2 - 63*a - 20. What is the units digit of o(17)?
4
Let m = 1979 - 504. What is the thousands digit of m?
1
Let j be -9 - (-3)/6*6. What is the units digit of (-60)/(-40)*(-376)/j + -4?
0
Suppose -t - 4*k + 53 = 0, 124 = 3*t + 2*k - 65. Let u = t - 12. What is the tens digit of u?
5
Suppose -n = -159 - 16. Let b = n + -128. What is the tens digit of b?
4
Let y(k) = -8*k - 20. Let v(f) = f**2 + 8*f - 5. Let q be v(-7). What is the units digit of y(q)?
6
Let t(l) = l + 12. Let x be t(-14). What is the units digit of (9/x)/(3/(-20))*1?
0
Let y be ((-4)/(-4*1))/(-1). Let k be 4*4/(8/y). Let n(u) = -20*u - 2. What is the tens digit of n(k)?
3
Suppose -2*l - 16 + 45 = 3*b, 2*b - 62 = -4*l. Let a(k) = k**2 - 6*k - 7. What is the units digit of a(l)?
3
Let y(c) = -865*c**3 + c. What is the units digit of y(-1)?
4
Let w be (-8)/(-4) + (0 - -33). Suppose 0 = w*u - 29*u - 690. What is the hundreds digit of u?
1
Suppose n = z - 463, 468 = z + 7*n - 3*n. What is the units digit of z?
4
Let w be (-3 - -1*14)/(-1). What is the units digit of 1 + 45 + (-10 - w)?
7
What is the thousands digit of (100/(-60))/(15/(-13086))?
1
Suppose -l = 9*l - 10. What is the tens digit of (5 + 56)/(l - 0)?
6
Suppose -f + s - 8 = 0, -f - 2 = 4*s - 8*s. Let x(b) = -b - 11. Let w be x(f). Let l(v) = 2*v**2 - 2*v - 1. What is the units digit of l(w)?
3
Let g(o) = 18*o**2 + 3*o - 4. Let x be g(1). Suppose x = -4*d + 165. What is the tens digit of d?
3
Let z = 24 + -22. What is the tens digit of 1*((-99)/(-1) + z)?
0
Let h be 11 + (1 - (-3 + 4)). Let a = h + -9. Suppose 5 = a*l - 5. What is the units digit of l?
5
Let m be 5/(75/54)*5. Let l = 27 - m. Suppose l*o - 126 = 3*o. What is the tens digit of o?
2
Let o(t) = -133*t + 46. What is the thousands digit of o(-10)?
1
Let u = 266 + 129. What is the hundreds digit of u?
3
Let t(p) = 2*p - 15. Let r(w) = 5. Let k(z) = -8